g(3)?
14
Let r = -3 - -8. Let w(t) = t**3 + 1 - 2 - t + 0 + 2 - r*t**2. Calculate w(5).
-4
Let a(w) = 1 + 66*w + 2*w**3 - 68*w - w**3 - 4*w**2. Give a(5).
16
Suppose 2*g + 5*u = -6, 0*g - 5*g + 15 = 5*u. Let m(b) = -b**3 + 7*b**2 + b - 7. Determine m(g).
0
Let x(l) = l**3 - 4*l**2 - 8*l + 5. Suppose 2 = 2*o - j - 4, -3*j = o - 17. Calculate x(o).
-10
Let m(f) = -f**3 + 2*f**2 + 4*f + 2. Let p be (-16)/56 - (-46)/14. Suppose -3*s - 9 = -p*c, -s - 5*c = -2*s - 7. Give m(s).
10
Suppose 0 = 2*p + 3*i + 2 + 3, 5*i = -15. Let o be (-3)/p*(-36)/(-27). Let k(m) = -3*m - 1. Calculate k(o).
5
Let l(c) be the first derivative of -2*c**4/3 + c**2/2 - 3*c - 1. Let u(d) be the first derivative of l(d). Determine u(1).
-7
Suppose x - 32 = -3*d + 5*x, -23 = -2*d + 3*x. Suppose -d + 2 = t. Let s(h) = 4*h. Give s(t).
-8
Suppose 0 = -5*k + 13 + 7. Suppose 5 = 5*p - 5*t, 6*t - 22 = -4*p + k*t. Let f be ((-2)/(-3))/(p/6). Let s(r) = 8*r**2 - r + 1. Determine s(f).
8
Suppose -2*k + 4*k = 4. Let h(p) = 5 - p**k - 3 - 1 + 2*p - 5. Calculate h(3).
-7
Let o be 5*(-3 - (-4 + 2)). Let q(w) = -2*w - 2. Let p(r) = -3*r - 3. Let u(j) = o*q(j) + 4*p(j). Give u(3).
-8
Let x(r) = -r**2 + r + 1. Let z be (1*8)/((-2)/(-6)). Suppose 4*m = -0*m + z. Suppose -9 = -3*b + 3*l - m*l, -1 = -l. Calculate x(b).
-1
Let g(z) = -10 + 17 + 2*z - 9 - z. What is g(7)?
5
Let i(r) = -3*r**3 - 6*r**2 - 5*r - 1. Let k = 10 - 9. Let m(a) = a**3 - a - 1. Let y(g) = k*i(g) + 2*m(g). Calculate y(-5).
7
Let z be (-1 + 0)*(-2 + -1). Let h(f) = -f**3 + 4*f**2 - 4*f + 2. What is h(z)?
-1
Let q(f) = -f**3 + 6*f**2 - 7*f + 2. Let t(i) = -i**2 - 8*i - 9. Let v be t(-6). Let z = v - -2. Determine q(z).
-8
Let m(v) be the second derivative of -3*v**5/5 - v**4/6 - v**3/3 - v**2/2 + 36*v. Determine m(-1).
11
Let d(w) = 3*w - 1. Suppose 2*f - 4*b + 0*b = 20, -4*f = -5*b - 31. Let z = f + -2. Give d(z).
5
Suppose -9 = -5*c + 1. Let m(z) = -2 - z**c + 7*z - 4*z + 0*z. What is m(2)?
0
Suppose 2*m + 3*i - 18 = -0*m, 10 = m + 2*i. Let l be 30/(-4)*(-4)/m. Suppose -2*c - 6 = -4*h, 0*c - 3*h = -l*c - 22. Let y(t) = t**2 + 3*t - 3. Give y(c).
7
Let j be 2/7 - 40/(-7). Suppose -w + 19 = -2*t - j*w, t + w = -5. Let f(i) = i**3 - 3*i - 2. Calculate f(t).
-4
Let v(d) = 9*d. Let f = 15 + -16. What is v(f)?
-9
Suppose 12 = 3*z - 3*t, z - 3*z - t = -14. Let d(y) = 7*y - 1 + y**2 - 1 - z*y. Determine d(-4).
10
Suppose q = -3*i + 58, 4*q = -4*i + 3*q + 76. Suppose 10*f - 4*f = -i. Let r(m) = -2*m + 2. Give r(f).
8
Let i(m) = -m**2 + 8*m - 4. Suppose 2 = 3*j - d - d, -5*d = j - 29. Calculate i(j).
12
Let j(v) = -2*v + 21. Let d(q) = -q + 22. Let n(o) = 4*d(o) - 5*j(o). Suppose 0*p + 34 = -p. Let l(f) = f - 3. Let u(m) = p*l(m) + 6*n(m). What is u(3)?
6
Let m(q) = 2*q**3 - q**2 + 1. Let s = 2 - 1. Let n = 4 - s. Let b be (-2 - -3) + (1 - n). What is m(b)?
-2
Let v(d) = d + 3*d + 7 - 7*d + 4*d. Determine v(0).
7
Let q(x) = -x**2. Let k(t) = 3*t**2 - 2*t - t + 2*t - 5*t**2. Let m(a) = k(a) - 3*q(a). Give m(3).
6
Let z = 3 + -13. Let g = z + 14. Let p(l) be the third derivative of l**4/12 - 2*l**3/3 + 2*l**2. What is p(g)?
4
Let m(w) be the second derivative of w**4/12 - 11*w**3/6 + 3*w**2 - 27*w. What is m(11)?
6
Let c(b) = 12*b - 2. Suppose -4 = -8*f - 20. Give c(f).
-26
Let f(g) = -2*g**2 - 6*g - 5. Let v(q) = -q**2. Suppose 3*w = 4*w + 1. Let s(x) = w*f(x) + v(x). Let c = -15 - -9. Give s(c).
5
Let i(f) = -f - 5. Let m be i(-6). Let d(g) = 4 + m + g + 0. What is d(-3)?
2
Suppose 2*k = 2*l + l - 36, 2*k = 0. Let w(s) = 12*s - 3*s**2 - 3 + 3*s**2 - s**2. Let v be w(l). Let y(h) = -h**2 - h + 1. Calculate y(v).
-5
Let p be 18/27 - (-14)/6. Let b(a) be the second derivative of 7/2*a**2 - 2*a + 0 - 2/3*a**p - 1/12*a**4. Determine b(-5).
2
Let m be 2*1/2*-1. Let k(z) be the first derivative of 5/3*z**3 - 1 + z + z**2. Calculate k(m).
4
Let j(d) = -d**3 - 2*d**2 - 8. Let c(v) = -v**2 - 1. Let f(q) = -6*c(q) + j(q). What is f(2)?
6
Let y(t) = t**2 + t - 3. Let v be -2*12/(-8) - 6. Let s be y(v). Let j(w) = -w**3 + 3*w**2 - w. Give j(s).
-3
Let p(d) = -2*d - 7. Let w be p(-4). Let y(g) be the second derivative of 0 + 0*g**2 - g + 1/2*g**3. Calculate y(w).
3
Let a be (8/(-10))/((-1)/(-5)). Suppose -3*n = -6 - 6. Let q = n + a. Let h(k) = -k**2 - 6. Give h(q).
-6
Suppose 4*q = 5*q - 10. Suppose 5*y = -3*d + 2, -d - 3*y = -2*d + q. Let n(c) = c**3 - 5*c**2 + 5*c - 3. What is n(d)?
1
Suppose -2 = -y - 29. Let x be (-4)/6 + (-99)/y. Let v(z) be the second derivative of -z**4/12 + z**3 - 3*z**2/2 - z. Give v(x).
6
Let x(t) = -t**3 - 10*t**2 + 7*t - 6. Let p(h) = -h**2. Let c(g) = -5*p(g) + x(g). Calculate c(-6).
-12
Let b(s) be the third derivative of -7/24*s**4 - 5/6*s**3 + 4*s**2 + 0*s - 1/60*s**5 + 0. What is b(-4)?
7
Suppose -2*t = 4*w - 4 - 2, w + t = 0. Let c be -4*(3/6 - 1). Let b(l) = 5 - 4 + 3*l + c*l - 4*l. Calculate b(w).
4
Let q(v) be the third derivative of -v**4/24 + v**3/3 - 7*v**2. Give q(-6).
8
Suppose -5 = 2*c + 7. Let l(k) = -k**2 - 2*k + 6. Let x(f) = -f**2 + 7 - 3*f + f + 0*f. Let y(a) = c*x(a) + 7*l(a). Calculate y(-2).
0
Let f = -4 + -1. Let v = -3 - f. Let k(d) = -4 + 3*d + 5 + 2 - 5*d. Give k(v).
-1
Suppose 1 = 3*m + 10. Let u(l) = -7*l**3 - 5*l**2 - 13*l + 5. Let q(k) = -4*k**3 - 2*k**2 - 7*k + 3. Let v(h) = 5*q(h) - 3*u(h). What is v(m)?
6
Let j(k) = -4*k - k + 6 - 2*k + 4*k**3 - 3*k**3 - 3*k**2. Let w = 51 - 47. Calculate j(w).
-6
Let v(h) = 555*h**3 - 5 - 554*h**3 - 7*h - 4*h**2 + 3*h. What is v(5)?
0
Let m(w) = -11*w**2 - 10*w. Let c(b) = -9*b**2 - 9*b - 1. Let v(p) = 5*c(p) - 4*m(p). Let z(t) = -t. Let i be z(5). Calculate v(i).
-5
Let g(f) = 5*f**3 + 10*f**2 - f - 1. Let k(s) = s**3 + s**2 - s - 1. Let w(r) = g(r) - 4*k(r). What is w(-6)?
-15
Let n(k) = k**3 - 4*k**2 + k + 6. Let j(l) = l**2 - l - 1. Let d(f) = 5*j(f) - n(f). Determine d(8).
5
Let k(z) = z**3 - 4*z**2 - 6*z + 8. Let w(l) = -l**3 + 4*l**2 + 6*l - 7. Let s(o) = -3*k(o) - 4*w(o). Give s(5).
-1
Let s = -55 - -58. Let x(p) be the first derivative of 1/3*p**3 + 1 - 3*p + 0*p**2. Determine x(s).
6
Let v(l) = l**2 - 6*l + 7. Let n = 13 + -8. Let y be v(n). Let x(j) = 3*j**2 + 0*j**2 - 4*j**2 + j - y. Give x(0).
-2
Suppose -11 - 5 = -4*c. Suppose 3*x + x + 2*z = 40, -c*z - 52 = -3*x. Suppose -3*s - x = -0*s. Let m(d) = -d**2 - 3*d + 3. Give m(s).
-1
Let y(f) = -5*f**3 + f**2. Let x(c) = -c + 7. Suppose 30 = t - 2*t. Let k be (12/t)/((-1)/15). Let s be x(k). Determine y(s).
-4
Suppose 6*j = 4*j + 4. Let i(x) = 7*x**3 - x - 2*x**3 - x**j - 2 + 3 + 0*x**2. Let o(y) = -y**2 + 6*y + 1. Let q be o(6). What is i(q)?
4
Suppose 0 = a - 5. Let w(z) be the third derivative of z**4/12 - z**3/3 + 5*z**2. What is w(a)?
8
Let d(a) = -a**2 + 4*a. Let z(w) = -w + 8. Suppose -4*o + 16 = -0. Let x be z(o). Suppose -h - 3 = -x*v, 0 = 2*h - v - 0*v - 8. What is d(h)?
-5
Suppose -5*k = -2 - 13. Let l(t) = t**2 - t - 2. Calculate l(k).
4
Suppose -6 = -k - k. Let j(p) = 1 + p - 4*p + 4*p - 7*p**k - p**2. What is j(-1)?
6
Let o(h) = -6*h - 1. Let n(g) = 5*g + 1. Let b(v) = 5*n(v) + 4*o(v). Suppose r - 10 = 2*k, 2*k + r = -0*k - 2. Calculate b(k).
-2
Let z(f) = 0*f + f - 4 + 7 - 5*f**2 + f**3 + 2. Give z(4).
-7
Suppose 1 = o + 4. Let s(i) = i**2 + 2*i + 2. Calculate s(o).
5
Let y = -75 - -78. Let t(a) = -5*a + 1. Calculate t(y).
-14
Let q be (-2)/6 - 33/9. Suppose -4*x + 4*g = -8, -19 - 7 = -x - 5*g. Let y(t) = -x*t + 7*t - t**3 + 2*t**2 - 5 - 5*t**2. Determine y(q).
7
Let s(t) be the first derivative of t**5/20 - t**4/4 + t**3/2 - 3*t**2/2 + 2*t - 3. Let d(w) be the first derivative of s(w). Determine d(3).
6
Let g(k) = -2*k - 7 - 3 + 7. Suppose 19 = -2*w - 3*f, 5*w + 0*f + 35 = -5*f. What is g(w)?
1
Let v be (((-9)/4 - -4) + -3)*4. Let h(r) = -2*r - 4. Calculate h(v).
6
Let g(h) = 3*h - 1. Let m(a) = 4*a - 30. Let t be m(6). What is g(t)?
-19
Suppose -2*s - 55 = -2*d + 3*s, -d = 4*s - 34. Suppose 2*o + 4*c - 26 = 0, -3*c = 3*o + 6 - d. Let u(b) = b**2 - o*b**2 - 3 - 8*b + 5*b. Give u(-2).
-5
Let h(v) = -3*v + 10. Let w(l) = -9*l - 20. Let s be w(-3). Calculate h(s).
-11
Let a(c) be the second derivative of c**8/6720 - c**7/840 - c**6/180 - c**5/40 - 3*c**4/4 + 7*c. Let p(q) be the third derivative of a(q). Give p(4).
-3
Let l(s) = 3*s**3 + s - 1. Let x(v) = -6*v - 4*v**3 + 4